
    
    {"id":257,"date":"2013-11-17T13:18:12","date_gmt":"2013-11-17T12:18:12","guid":{"rendered":"http:\/\/www.meteori.rs\/wordpress\/?page_id=257"},"modified":"2014-09-29T22:22:21","modified_gmt":"2014-09-29T20:22:21","slug":"perseidi-4","status":"publish","type":"page","link":"http:\/\/www.meteori.rs\/wordpress\/perseidi\/perseidi-4\/","title":{"rendered":"Perseidi 4 (2001)"},"content":{"rendered":"<table style=\"height: 576px;\" width=\"639\">\n<tbody>\n<tr>\n<td style=\"vertical-align: top;\" valign=\"top\"><a href=\"http:\/\/www.meteori.rs\/wordpress\/wp-content\/uploads\/2013\/11\/perseidi4.jpg\"><img loading=\"lazy\" class=\"alignnone size-full wp-image-418\" src=\"http:\/\/www.meteori.rs\/wordpress\/wp-content\/uploads\/2013\/11\/perseidi4.jpg\" alt=\"\" width=\"150\" height=\"202\" \/><\/a><\/p>\n<p>&nbsp;<\/td>\n<td valign=\"top\">\n<h2>Sadr\u017eaj<\/h2>\n<ul>\n<li>\n<div data-canvas-width=\"461.47423150000003\" data-angle=\"0\" data-font-name=\"g_font_1\">Modeliranje oblika i karakteristika povr\u0161ine asteroida na osnovu opti\u010dkih krivih sjaja<\/div>\n<\/li>\n<li>Vremenska raspodela meteorskih pojava<\/li>\n<li>Potraga za meteoritom<\/li>\n<li>Geminidi\u00a0\u2013 meteori sumnjivog porekla<\/li>\n<li>\n<div data-canvas-width=\"352.63559200000003\" data-angle=\"0\" data-font-name=\"g_font_31\">Rezultati vizuelnih posmatranja meteora PMG od jula 1997. do septembra 2001. godine<\/div>\n<\/li>\n<li>\n<div data-canvas-width=\"455.35430800000006\" data-angle=\"0\" data-font-name=\"g_font_38\">Kometa C\/2000 WM1 (LINEAR) \u2013 analiza naravi jedne repatice<\/div>\n<\/li>\n<li>Vatromet u Bronzanom kotlu<\/li>\n<li>\n<div data-canvas-width=\"160.9179885\" data-angle=\"0\" data-font-name=\"g_font_50\">Vi\u0161njan \u2013 opservatorija mala, ali poznata<\/div>\n<\/li>\n<li>\n<div data-canvas-width=\"340.51574350000004\" data-angle=\"0\" data-font-name=\"g_font_53\">Me\u0111unarodna konferencija za meteore \u201897 \u2013 tri pri\u010de<\/div>\n<div data-canvas-width=\"145.0781865\" data-angle=\"0\" data-font-name=\"g_font_53\">iz Petnice<\/div>\n<\/li>\n<li>Hronika PMG<\/li>\n<\/ul>\n<p>Preuzmite kompletan broj: <a title=\"Perseidi 4 (2001).pdf\" href=\"http:\/\/www.meteori.rs\/wordpress\/wp-content\/uploads\/2013\/11\/Perseidi-4-2001.pdf\">Perseidi 4 (2001).pdf<\/a>.<\/td>\n<\/tr>\n<\/tbody>\n<\/table>\n<p>&nbsp;<\/p>\n","protected":false},"excerpt":{"rendered":"<p>&nbsp; Sadr\u017eaj Modeliranje oblika i karakteristika povr\u0161ine asteroida na osnovu opti\u010dkih krivih sjaja Vremenska raspodela meteorskih pojava Potraga za meteoritom Geminidi\u00a0\u2013 meteori sumnjivog porekla Rezultati vizuelnih posmatranja meteora PMG od jula 1997. do septembra 2001. godine Kometa C\/2000 WM1 (LINEAR) \u2013 analiza naravi jedne repatice Vatromet u Bronzanom kotlu Vi\u0161njan \u2026 <a class=\"continue-reading-link\" href=\"http:\/\/www.meteori.rs\/wordpress\/perseidi\/perseidi-4\/\"> Continue reading <span class=\"meta-nav\">&rarr; <\/span><\/a><\/p>\n","protected":false},"author":1,"featured_media":0,"parent":55,"menu_order":0,"comment_status":"closed","ping_status":"closed","template":"","meta":[],"_links":{"self":[{"href":"http:\/\/www.meteori.rs\/wordpress\/wp-json\/wp\/v2\/pages\/257"}],"collection":[{"href":"http:\/\/www.meteori.rs\/wordpress\/wp-json\/wp\/v2\/pages"}],"about":[{"href":"http:\/\/www.meteori.rs\/wordpress\/wp-json\/wp\/v2\/types\/page"}],"author":[{"embeddable":true,"href":"http:\/\/www.meteori.rs\/wordpress\/wp-json\/wp\/v2\/users\/1"}],"replies":[{"embeddable":true,"href":"http:\/\/www.meteori.rs\/wordpress\/wp-json\/wp\/v2\/comments?post=257"}],"version-history":[{"count":12,"href":"http:\/\/www.meteori.rs\/wordpress\/wp-json\/wp\/v2\/pages\/257\/revisions"}],"predecessor-version":[{"id":427,"href":"http:\/\/www.meteori.rs\/wordpress\/wp-json\/wp\/v2\/pages\/257\/revisions\/427"}],"up":[{"embeddable":true,"href":"http:\/\/www.meteori.rs\/wordpress\/wp-json\/wp\/v2\/pages\/55"}],"wp:attachment":[{"href":"http:\/\/www.meteori.rs\/wordpress\/wp-json\/wp\/v2\/media?parent=257"}],"curies":[{"name":"wp","href":"https:\/\/api.w.org\/{rel}","templated":true}]}}