
    
    {"id":451,"date":"2015-04-28T22:49:05","date_gmt":"2015-04-28T20:49:05","guid":{"rendered":"http:\/\/www.meteori.rs\/wordpress\/?page_id=451"},"modified":"2018-05-01T18:59:11","modified_gmt":"2018-05-01T16:59:11","slug":"skola-meteorske-astronomije","status":"publish","type":"page","link":"http:\/\/www.meteori.rs\/wordpress\/skola-meteorske-astronomije\/","title":{"rendered":"\u0160kola meteorske astronomije"},"content":{"rendered":"<p>\u0160KOLA METEORSKE ASTRONOMIJE je deo obrazovnog programa Petni\u010dke meteorske grupe (PMG). Pokrenuta je 2010. godine nakon niza godina posmatranja meteora, u nameri da se meteorska astronomija predstavi u \u0161irem kontekstu i da se sistemati\u010dno pokriju raznoliki problemi kojima se ona bavi.<\/p>\n<p>Teme koje se standardno obra\u0111uju na ovim \u0161kolama su: osnovni pojmovi meteorske astronomije, poreklo meteoroida i veza sa malim telima Sun\u010devog sistema, meteorski rojevi, sporadi\u010dni fon, tehnike posmatranja meteora (vizuelna, video, fotografska\/CCD, radio\/radarska i teleskopska posmatranja), obrada posmatra\u010dkih podataka, odre\u0111ivanje orbita meteora na osnovu video posmatranja, meteorska spektroskopija, fizika meteora, dinamika meteorskih rojeva, meteoritika i planetarna geologija, vizuelno opa\u017eanje meteora, ... Poseban segment \u0161kole usmeren je ka prakti\u010dnim ve\u017ebama i demonstracijama, posmatranjima i obradi rezultata.<\/p>\n<p>Ove (2018-e) godine \u0161kola meteorske astronomije \u0107e biti organizovana <strong>od 14. do 23. juna<\/strong>. Prvi deo \u0161kole odr\u017ea\u0107e se u Istra\u017eiva\u010dkoj stanici Petnica. <a href=\"http:\/\/www.meteori.rs\/wordpress\/sma-2018\/\" target=\"_blank\" rel=\"noopener\">Prijave<\/a> su otvorene, a rok za prijavljivanje je <strong>20. maj 2018<\/strong>.<\/p>\n<p>Za detaljnije informacije pi\u0161ite na adresu <a href=\"mail-to:&#112;&#x6d;g&#x40;&#x6d;&#101;&#x74;e&#x6f;&#x72;&#105;&#x2e;r&#x73;\">pmg&#64;met&#101;&#111;&#114;&#105;&#x2e;&#x72;&#x73;<\/a>.<\/p>\n<p><a href=\"http:\/\/www.meteori.rs\/wordpress\/wp-content\/uploads\/2015\/04\/xIMG_1440a1234.jpg\"><img loading=\"lazy\" class=\"aligncenter size-large wp-image-499\" src=\"http:\/\/www.meteori.rs\/wordpress\/wp-content\/uploads\/2015\/04\/xIMG_1440a1234-1024x694.jpg\" alt=\"xIMG_1440a1234\" width=\"800\" height=\"542\" srcset=\"http:\/\/www.meteori.rs\/wordpress\/wp-content\/uploads\/2015\/04\/xIMG_1440a1234-1024x694.jpg 1024w, http:\/\/www.meteori.rs\/wordpress\/wp-content\/uploads\/2015\/04\/xIMG_1440a1234-300x203.jpg 300w, http:\/\/www.meteori.rs\/wordpress\/wp-content\/uploads\/2015\/04\/xIMG_1440a1234-221x150.jpg 221w, http:\/\/www.meteori.rs\/wordpress\/wp-content\/uploads\/2015\/04\/xIMG_1440a1234-150x102.jpg 150w, http:\/\/www.meteori.rs\/wordpress\/wp-content\/uploads\/2015\/04\/xIMG_1440a1234-120x80.jpg 120w\" sizes=\"(max-width: 800px) 100vw, 800px\" \/><\/a><\/p>\n","protected":false},"excerpt":{"rendered":"<p>\u0160KOLA METEORSKE ASTRONOMIJE je deo obrazovnog programa Petni\u010dke meteorske grupe (PMG). Pokrenuta je 2010. godine nakon niza godina posmatranja meteora, u nameri da se meteorska astronomija predstavi u \u0161irem kontekstu i da se sistemati\u010dno pokriju raznoliki problemi kojima se ona bavi. Teme koje se standardno obra\u0111uju na ovim \u0161kolama su: \u2026 <a class=\"continue-reading-link\" href=\"http:\/\/www.meteori.rs\/wordpress\/skola-meteorske-astronomije\/\"> Continue reading <span class=\"meta-nav\">&rarr; <\/span><\/a><\/p>\n","protected":false},"author":2,"featured_media":0,"parent":0,"menu_order":0,"comment_status":"closed","ping_status":"closed","template":"template-onecolumn.php","meta":[],"_links":{"self":[{"href":"http:\/\/www.meteori.rs\/wordpress\/wp-json\/wp\/v2\/pages\/451"}],"collection":[{"href":"http:\/\/www.meteori.rs\/wordpress\/wp-json\/wp\/v2\/pages"}],"about":[{"href":"http:\/\/www.meteori.rs\/wordpress\/wp-json\/wp\/v2\/types\/page"}],"author":[{"embeddable":true,"href":"http:\/\/www.meteori.rs\/wordpress\/wp-json\/wp\/v2\/users\/2"}],"replies":[{"embeddable":true,"href":"http:\/\/www.meteori.rs\/wordpress\/wp-json\/wp\/v2\/comments?post=451"}],"version-history":[{"count":1,"href":"http:\/\/www.meteori.rs\/wordpress\/wp-json\/wp\/v2\/pages\/451\/revisions"}],"predecessor-version":[{"id":498,"href":"http:\/\/www.meteori.rs\/wordpress\/wp-json\/wp\/v2\/pages\/451\/revisions\/498"}],"wp:attachment":[{"href":"http:\/\/www.meteori.rs\/wordpress\/wp-json\/wp\/v2\/media?parent=451"}],"curies":[{"name":"wp","href":"https:\/\/api.w.org\/{rel}","templated":true}]}}